ive x(i).
3
Suppose 0 = -2*p + 3*p - 2. Let j(o) = -o + 2. Let k be j(-4). Let s(w) = -50*w**2 + w**3 + 2*w + 3 + 49*w**2 - k. Determine s(p).
5
Let c = 0 - -2. Suppose c*x + 2*x - 13 = 3*o, 3*o + 5*x = 23. Let n(y) = -y + 3 - 3 + y**2. Calculate n(o).
0
Suppose 0*a = -5*a - 25. Suppose -j - 1 + 0 = 0. Let s = a - j. Let x(l) = l**3 + 3*l**2 - 5*l + 2. What is x(s)?
6
Let z(o) be the third derivative of -o**6/120 - o**5/15 - o**4/12 + o**3/3 - 6*o**2. Calculate z(-2).
-2
Suppose 11 - 1 = -5*n. Let u(z) be the second derivative of z**6/360 + z**5/60 - 5*z**3/6 - 2*z. Let g(d) be the second derivative of u(d). Determine g(n).
0
Let p(z) = z - 5*z + 2*z + 6. Let k(l) = l + 14. Let t(u) = 1. Let v(i) = k(i) - 6*t(i). Let f be v(-4). Give p(f).
-2
Let q = -7 - -11. Let x(m) = -q + 2*m - 4 + 5. Suppose 2 - 8 = -2*i. Give x(i).
3
Let w(p) be the first derivative of p**3/3 - 2*p**2 - 4*p - 14. What is w(3)?
-7
Let v(q) = -q + 4. Let t(h) = -2*h + 9. Let z(m) = -6*t(m) + 14*v(m). Let w(l) = -l - 4. Let d be w(-6). Determine z(d).
-2
Let p(f) be the third derivative of -1/60*f**5 - 1/3*f**3 + 0*f - f**2 - 7/24*f**4 + 0. Suppose 5*o = -0*o - 25. Calculate p(o).
8
Let u be ((-2)/(-6))/(2/(-6)). Let s(d) = 8*d**2 - d + 5. Let t(a) = a**2 + 1. Let j(x) = s(x) - 5*t(x). Give j(u).
4
Suppose c - y + 2 = -0*y, 5*c + 10 = 4*y. Let d(g) = -g**3 - g**2 + 2*g**2 - g**2 - 2*g**2. Give d(c).
0
Let u(s) = -s + 19. Let f = 4 - -10. What is u(f)?
5
Let n be (-16)/(-24)*-6*3/(-4). Let a(z) be the first derivative of 3 - 1/2*z**4 + 1/2*z**2 + 0*z + 2/3*z**n. Give a(-1).
3
Let c(k) = k**2 + k + 2. Let u = 21 + -18. Determine c(u).
14
Let u be -10*(-3 - -1)/4. Suppose u = -3*x - 10. Let t(v) = v**2 + 5*v + 1. Calculate t(x).
1
Let u(b) = -b**3 - 5*b**2 + 5. Let y be (-120)/32 + 1/(-4). Determine u(y).
-11
Let n = -105 - -110. Let g(x) be the first derivative of -x**4/4 + 2*x**3 - 3*x**2 - 7*x + 1. Give g(n).
-12
Let m(h) = h - 2. Let c be m(0). Suppose -5*p + 3*p = 0. Let w(o) = 3 + p*o - 3*o + 6*o. Calculate w(c).
-3
Suppose -2*n = 2 - 8. Suppose 0 = -n*b - 2*g - g, 4*g - 45 = 5*b. Let x(v) = v**3 + 4*v**2 - 6*v. What is x(b)?
5
Let f(z) = -14*z**2 + 9*z + 11. Let h(l) = -7*l**2 + 4*l + 5. Let p(n) = -6*f(n) + 13*h(n). Determine p(-1).
-6
Let f(n) = 6*n. Suppose -2*a - 4 = -0*a, -3*w = 5*a + 4. Suppose 0*v + v - w*g = 6, -15 = -3*v + 5*g. Suppose c + v*c = 1. What is f(c)?
6
Let t(d) be the third derivative of -d**5/20 + d**4/12 + d**3/3 - 15*d**2. Determine t(-2).
-14
Let n(i) be the second derivative of -i**4/12 + i**3/2 + 2*i**2 - 3*i. What is n(4)?
0
Let w(d) be the first derivative of -16*d**3/3 + d**2/2 + d + 5. Calculate w(-1).
-16
Let p(w) = w**3 + 4*w**2 - 4*w. Let a(g) = -g**3 + g**2 + 4*g + 1. Let u be a(3). Calculate p(u).
-5
Let q(i) = 15*i - 8. Let x(n) = 7*n - 4. Let c(p) = p**2 - 13*p + 18. Let k be c(12). Let a(t) = k*q(t) - 13*x(t). What is a(3)?
1
Let y = 1 + 0. Suppose 6 = -4*o - 4*g - 6, 33 = 4*o - 5*g. Let k(c) = 4*c - o - 14*c + 4*c + 3. What is k(y)?
-5
Let c(m) = -5*m. Let s(y) = 4*y - 1. Let h(j) = -2*c(j) - 3*s(j). Let v = 0 + 2. What is h(v)?
-1
Let c(h) be the first derivative of 0*h + 0*h**3 + h**4 + 1/2*h**2 - 2. What is c(-1)?
-5
Suppose 0*j + 16 = -3*g + 2*j, -3*g = -5*j + 22. Let t = g + 8. Let u(f) = 2*f - 6. Determine u(t).
2
Let l(d) = -d**2 - d + 3. Let t be l(0). Let m be (-6*t/(-6))/1. Let a(j) = -j**2 + 3*j + 2. Determine a(m).
2
Let h = -1 + 5. Let l(g) = 2*g**2 - g**2 - 6*g + 4*g**2 + h - 4*g**2. What is l(4)?
-4
Let c(y) be the first derivative of -y**3/3 + y**2/2 + 2*y + 2. Let s be c(2). Let m(l) = -2*l + s + 1 + 4*l. Determine m(-1).
-1
Let m(v) = 4*v - 3*v + 4*v + 3*v + 1. What is m(1)?
9
Let j = -9 - -13. Let i(y) = 1. Let b(r) = r - 5. Let u(f) = j*i(f) + b(f). Calculate u(4).
3
Let h = 71 - 78. Let x(p) = p + 11. Give x(h).
4
Let d(k) = -k - 5*k**2 + 6 + 3*k**2 - 5. Give d(2).
-9
Let a(t) be the third derivative of -2*t**3 - 3*t**2 - 1/24*t**4 + 0 + 0*t. Determine a(0).
-12
Let w(t) be the third derivative of 0*t + 0 + 1/24*t**4 + 3*t**2 + 1/6*t**3. What is w(-4)?
-3
Let h(v) be the third derivative of v**5/60 - v**4/24 + 2*v**3/3 + 2*v**2. Let d(z) = -z**2 + 2*z - 1. Let a be d(1). What is h(a)?
4
Let v(t) = t. Let l be v(4). Suppose -2*a + 4 = -l*j - 2, 0 = -5*a + j - 3. Let q(k) = 7*k**2 + k. Determine q(a).
6
Let g(k) = k**2 + 3*k - 5 - 3*k - k - k. Determine g(4).
3
Let w(a) = -6*a. Let o be w(1). Let u(f) = f - 1. Determine u(o).
-7
Let i(b) = b**3 + 6*b**2 - 9*b - 7. Let w be i(-7). Let u = w - 2. Let g(n) = n - 2. Give g(u).
3
Let s be 6/(-3) + 2 - -2. Let o(k) = k**3 - k. Give o(s).
6
Suppose -2*r + q - 16 = 2*r, -3*q + 18 = -2*r. Let n = 0 + r. Let z = n - -7. Let v(a) = a**3 - 5*a**2 + 5*a. Give v(z).
4
Let w(l) be the second derivative of l**4/12 + 7*l**3/6 + 5*l**2 - 6*l. Give w(-7).
10
Let h(x) = 2 + 37*x - 16*x - x**3 - 4*x**2 - 21*x. What is h(-4)?
2
Let q(l) = -3*l + 2. Let z be 208/(-520) - ((-24)/10 + -1). Determine q(z).
-7
Let p be (3 - 20/12) + 1. Let t(s) be the first derivative of -1 - 8*s + 2*s**2 + 1/4*s**4 + p*s**3. Give t(-6).
4
Let p(c) = 3*c - 2. Let f(d) = -d + 1. Let b(h) = 5*f(h) + 2*p(h). What is b(8)?
9
Suppose -8 - 10 = 3*b. Let u(v) = v**3 + 5*v**2 - 8*v - 5. Determine u(b).
7
Let y(m) = -8 + 15 + 2*m - 9. What is y(-2)?
-6
Let z = 3 - 1. Suppose -2*m - g = -0*m + 13, 1 = -z*m + 3*g. Let b(d) = 2*d**3 - d**2 + 3*d - 3. Let j(p) = p**3 + p**2. Let w(o) = -b(o) + 3*j(o). Give w(m).
-7
Let w(l) = 3*l**3 - 4*l**2 + 3*l. Let s(p) = p**3 - 2*p**2 - 6*p - 6. Let u be s(4). Calculate w(u).
14
Let h be 18/8 - (-1)/(-4). Let z be 7/h - 1/(-2). Let y(s) = -s**3 + 3*s**2 + 2*s + 4. Give y(z).
-4
Let y(c) be the first derivative of c**4/4 + 8*c**3/3 + 7*c**2/2 - 8*c - 11. What is y(-6)?
22
Let c = 22 + -22. Suppose c*d - d - 4 = 0. Let f(u) = -u - 7. Determine f(d).
-3
Let v(x) be the second derivative of 7/6*x**3 - 2*x + 1/20*x**5 + 1/2*x**4 + 0 + 1/2*x**2. Calculate v(-5).
-9
Let q = 20 + -16. Let k(o) = o**2 - 3*o - 1. What is k(q)?
3
Let g(q) = -q**2 + q + 2. Suppose -2*f - 100 = 3*f. Let l = f - -20. Determine g(l).
2
Let p(g) = g**3 + 2*g**2 - 2*g + 3. Let x be p(-3). Suppose x = 15*i - 13*i. Let z(k) = k - 2. What is z(i)?
-2
Let f(l) = 12*l**2 - l. Let h(v) = -11*v**2 + v. Suppose -3 = 3*o + 12. Let j(m) = o*h(m) - 4*f(m). Suppose -5*q + 4 + 1 = 0. Calculate j(q).
6
Let s(z) = -z**2 + z + 1. Suppose 2 = q, 5*p - 2*q - 4 = -4*q. Suppose 0 = -r + 4*r. Suppose -k + p*k = r. What is s(k)?
1
Let q be ((-3)/1 - -4) + -1. Let z(m) be the first derivative of -m**4/24 - 7*m**3/6 - m**2 - 2. Let n(a) be the second derivative of z(a). Determine n(q).
-7
Let y(k) be the third derivative of -k**6/40 + k**3/6 - 7*k**2 - 3. What is y(-1)?
4
Let j = 51 - 49. Let n(o) = 5*o**2 - 2*o + 2. Give n(j).
18
Let q(n) = -n**2 - 3*n + 6. Let b(t) be the second derivative of -t**3/6 + t**2/2 + 9*t. Let v(d) = -2*b(d) - q(d). Calculate v(-6).
-2
Let q(x) = -x**3 + 5*x**2 - x + 5. Let w be 7 - (-8)/((-8)/3). Calculate q(w).
17
Suppose 4*h - 8 = -24. Let b(d) = 3*d**2 + 5*d - 6. Let i(n) = 1. Let c(u) = b(u) + 2*i(u). Let v(y) = y**2 + y - 1. Let a(t) = -c(t) + 2*v(t). What is a(h)?
-2
Let m be 2 + 36/(-14) - 75/(-21). Let s(o) = -o**3 + 3*o**2 - 4*o + 2. Determine s(m).
-10
Let z(k) = -k**2 - 5*k + 1. Let b be 1 + 1 - (-16)/(-2). Let j be z(b). Let v(x) = x**3 + 6*x**2 + 3*x - 7. What is v(j)?
3
Let i(g) = -6*g + 1. Let m be (-5)/2 + (-3)/(-2). Give i(m).
7
Let a(g) = -g. Let y(u) = -4*u. Let i be y(-3). Let l = i - 7. Calculate a(l).
-5
Let j be (-2)/(-8) - 11/(-4). Let q(r) be the third derivative of 1/6*r**3 + 0*r - 1/30*r**5 + 1/120*r**6 - 1/8*r**4 - r**2 + 0. What is q(j)?
1
Suppose 8*b = -4*b. Let c(a) = -a. Let s(d) = d**2 + 2*d - 1. Let w(j) = 3*c(j) + s(j). What is w(b)?
-1
Suppose -2*d = -5*d + 12. Let x(t) = -11*t + d*t + 9 + 2*t + 6*t. Give x(0).
9
Suppose g - 2 = 1. Let u(d) = 3 - 3*d - g*d + 5*d. Calculate u(0).
3
Suppose 0 = 2*p + 5*b, 4*p - 3*b + 24 = -b. Let g(z) = -4*z**2 - 4*z + 2. Let m(v) = -5*v**2 - 4*v + 2. Let r(x) = 4*g(x) - 3*m(x). What is r(p)?
-3
Let a(m) = -m**2 - 6*m - 5. Let z be ((-16)/(-14))/((-12)/(-42)). Suppose -2*n - z*s = 8, -3*n - 3*s + s - 12 = 0. Determine a(n).
3
Let n = -